51*z + 5474. Calculate the remainder when 2088 is divided by m(-36).
36
Suppose -12 = -5*w - 2*x, -12 = 5*x - 2*x. Suppose -61*q + 49*q + 732 = 0. Calculate the remainder when 57 - q - (-1 + (-1 - 15)) is divided by w.
1
Suppose 4*x = x + 9. Let i be (-4)/(-38) + (-38425)/(-475). Let k = i - 72. What is the remainder when k is divided by x?
0
Suppose 0 = -12*g + 5*l + 2080, 4*l - 528 - 13 = -3*g. Calculate the remainder when 362 is divided by g.
12
Let a(q) = -q**3 - 8*q**2 - 15*q - 9. Let r(n) = n**3 - 13*n**2 + 9*n + 11. Let p be r(12). Calculate the remainder when a(-6) is divided by (10/p)/((-1)/15).
3
What is the remainder when 4555 is divided by 666/6 - 85/17?
103
Let s = 3792 - 3777. Calculate the remainder when 459 is divided by s.
9
Let q = -6 - -6. Suppose 6*g + g - 63 = q. What is the remainder when 26 is divided by (5/4 + 4/(-16))*g?
8
Suppose -10*h = 5*z - 15*h - 60, -38 = -3*z + 4*h. Calculate the remainder when (-33)/(-11)*229/3 is divided by z.
9
Suppose -s + 2*g + 6 = 2*s, 0 = -5*g. Let d be (-4 + 312/(-12))*4/(-8). Let z = d + s. Calculate the remainder when 31 is divided by z.
14
Let y(f) = f**3 - 17*f**2 + 37*f + 18. What is the remainder when y(16) is divided by 42*((30/(-4))/(-5) + -1)?
18
Suppose 4*t - 7*t - 174 = 0. Let l = -53 - t. What is the remainder when l + -1 + (3 - -65) is divided by 15?
12
Let c(d) = 2*d**3 - 36*d**2 - d + 117. Let g = 56 - 35. What is the remainder when c(18) is divided by g?
15
Let x(n) = 25*n. Let a be x(2). Let g = a - 31. What is the remainder when 2/((-3)/((-639)/6)) is divided by g?
14
Let a be (-20040)/(-220) + 1/(-11). Calculate the remainder when (-93 - -92)*(0 - a) is divided by 11.
3
Let l be (2/(4/6))/((-63)/(-777)). Let u = -34 + l. Suppose -u*s = -30 - 15. What is the remainder when s is divided by 6?
3
Suppose -2*p = -5*k - 60, -89 = -2*p + k - 13. Calculate the remainder when 350 is divided by p.
30
Let d(v) = 7*v**2 - 8*v - 20. Let y be d(9). Suppose -c - 3*f = f - 76, -f = 5*c - y. What is the remainder when c is divided by 14?
12
Let r = 282 - 248. Suppose r = i - 6. What is the remainder when 199 is divided by i?
39
Suppose -1306 = -7*p - 347. Suppose -p = -13*n - 46. Calculate the remainder when 0 - -1 - (2 - 27) is divided by n.
5
Let h(f) = -2*f - 1. Let l(q) = 5*q - 9. Let s(b) = -h(b) - l(b). Calculate the remainder when s(-23) is divided by 8.
7
Let y(q) = -q**3 + 18*q**2 - 23*q + 3. Calculate the remainder when y(6) is divided by 16.
9
Suppose 184*d + 5*q - 68 = 182*d, 8 = 2*q. Calculate the remainder when d is divided by 13.
11
Suppose 0 = m + 4*g - 14 - 3, 3*m - 5*g = 0. Suppose -4*h = -9*h - m. What is the remainder when (h - -2) + 45/3 + 1 is divided by 3?
2
Let u(d) = -6*d**2 - 98*d - 57. What is the remainder when u(-13) is divided by 67?
2
What is the remainder when 8011 is divided by (1 - 20/12)*4155/(-554)?
1
Let r = -6149 + 6267. Let o be (-1 - 2)*1*-1. Suppose 37 = o*g - 83. Calculate the remainder when r is divided by g.
38
Suppose 2*u = -2*x + 4082, x + 12197 = -416*u + 422*u. What is the remainder when u is divided by 1015?
4
Let g(s) = 2*s - 199. Calculate the remainder when g(117) is divided by 27.
8
Suppose 56*i = 136954 - 9386. Calculate the remainder when i is divided by 43.
42
Suppose -3*v - 285 = -3*z, -44 = v - 4*z + 63. Let n = -63 - v. Let k(c) = 496*c + 2533. Calculate the remainder when k(-5) is divided by n.
25
Suppose 43*o = 13*o + 180. Let z(v) = -v**3 + 6*v**2 + 4*v + 19. Calculate the remainder when z(o) is divided by 22.
21
Let i(n) be the third derivative of n**5/30 + 25*n**4/12 + 7*n**3/3 - 40*n**2. Let a = 92 + -11. What is the remainder when a is divided by i(-25)?
11
Suppose 2*v + 78 = 66. What is the remainder when ((-566)/4 + 2)/(v/8) is divided by 10?
6
Let i = -13325 - -13707. Calculate the remainder when 2643 is divided by i.
351
What is the remainder when 680/18020 - 57554/(-106) is divided by 43?
27
Let a(b) = -31*b**3 - 82*b**2 + 5*b - 15. Calculate the remainder when a(-4) is divided by 95.
67
Suppose k - 20 = 5*c, 10*c - 6*c = -k - 25. Calculate the remainder when (234/15)/(c*(-20)/750) is divided by 17*1/2*2.
15
Let o = 2706 + -2696. Let g(p) = -15*p**3 + p + 9*p**3 - 4*p**2 + 2*p**2. Calculate the remainder when g(-2) is divided by o.
8
Suppose -50*k + 51*k - 5*g = 320, -2*k + 3*g + 640 = 0. What is the remainder when k is divided by 108?
104
Suppose 6*a - 6336 = -5*a. Let z = a - 525. Calculate the remainder when 81 is divided by z.
30
Let w(a) = -7 - 258*a - 254*a + a**2 + 512*a. What is the remainder when w(6) is divided by 6?
5
Suppose 2*n + 2688 = 14*n. Calculate the remainder when n is divided by 221.
3
Let i = 509 - 507. Suppose i*s - 99 - 97 = 0. What is the remainder when s is divided by 40?
18
What is the remainder when 1/2*6*(-79)/((-4029)/73406) is divided by 57?
43
Suppose -3*t + 21 + 62 = 2*u, -4*t - 48 = -2*u. Suppose u = 5*y - 11. Calculate the remainder when 161 is divided by y.
8
Suppose 0 = -3*i - 3*p - 5 - 1, -4*p - 11 = 3*i. Suppose -348 = -6*y + i*y. Let s(f) = 6*f + 1. What is the remainder when y is divided by s(2)?
12
Suppose -67*h + 250*h = 41907. What is the remainder when h is divided by 19?
1
Let j(q) = 2*q**2 + q - 160. Calculate the remainder when j(-13) is divided by 13.
9
Let u be -2 + (2*5)/((-12)/(-18)). Suppose 2*k - u = -j + 44, 4*k = -5*j + 117. What is the remainder when (-7)/(k/(-20)) - -2 is divided by 2?
1
Let p = 21 + 10. What is the remainder when (25 + -19)*(-873)/(-54) is divided by p?
4
Suppose 0 = 2*f + 252 - 378. What is the remainder when f/21 + 4 + -2 + 38 is divided by 16?
11
Let o(b) be the third derivative of -b**6/120 + b**4/8 + b**3 + 115*b**2. Calculate the remainder when 76 is divided by o(0).
4
Calculate the remainder when 10*2*3/12 is divided by (-70)/(-17) - (-182)/(-1547).
1
Let g(r) = -r**3 - 63*r**2 - 448*r - 35. Calculate the remainder when g(-55) is divided by 30.
15
What is the remainder when 546 is divided by 530 + 1 - 22/(-66)*6?
13
Let d = 661 - 301. Calculate the remainder when d is divided by 118.
6
Let j be -6 + 0/(-4) - 28. Calculate the remainder when j/(-153) - 70/(-9) is divided by 1.
0
Suppose -10 = 9*x - 64. What is the remainder when 120 is divided by ((-9)/6*2)/(x/(-62))?
27
Suppose 24*c + 4189 - 5869 = 0. What is the remainder when 212 is divided by c?
2
Suppose 84 = -46*k + 52*k. Let u(j) = 1100*j - 1102*j + k - 1 + j**2. What is the remainder when u(-8) is divided by 19?
17
Let b be (-4)/(0 - -2) + (13 - 10). Let z be (-66)/(16/(-128)*6*b). Suppose -3*u + z = -26. What is the remainder when 112 is divided by u?
36
Let k(w) = -w**3 + 83*w**2 + 15*w - 1094. What is the remainder when k(83) is divided by 23?
13
Let a = 2937 - 2910. What is the remainder when 128 is divided by a?
20
Let i = 101 + -49. What is the remainder when 73 is divided by (i/(-3 + -1))/(-1)?
8
Let r = 41871 - 41857. Let w = 81 - 177. Let p = w - -161. Calculate the remainder when p is divided by r.
9
Let c(p) = -137*p**3 + p. Let s be c(-1). Suppose -4*z + s = 4*z. Let o(d) = -d**2 + 18*d - 5. What is the remainder when o(z) is divided by 9?
3
Let q be (-2368)/(-30) - 40/(-600). Let u = -34 + q. What is the remainder when 147 is divided by u?
12
Suppose 5 = 5*u, 0 = o + 2*u - u - 5. Calculate the remainder when ((-867)/o)/(-3) + (-4)/16 is divided by 25.
22
Let j(v) = v**3 + 95*v**2 - 604*v + 220. What is the remainder when 1473 is divided by j(-101)?
15
Calculate the remainder when -6 - 1*14/((-84)/13614) is divided by 61.
6
What is the remainder when 7581 is divided by 1043/14 - 45/(-10)?
76
Suppose 256 = 9*u - 464. Suppose -986 = -3*l - 941. Calculate the remainder when u is divided by l.
5
Let s = 303 + -240. Let n = 153 - s. What is the remainder when n is divided by 30?
0
Let k(m) = 16*m + 23. Suppose -4*f = -c - 4 + 5, 5*f - 4*c = -4. What is the remainder when 57 is divided by k(f)?
11
Suppose -2*c + 8 = -10. Let t = 435 - 432. Suppose t*b + 2*q = 188, 5*b + 23 = -3*q + 336. Calculate the remainder when b is divided by c.
8
Let g = 223 + -191. Suppose -27*o - 25 = -g*o. What is the remainder when 25 is divided by o?
0
Suppose 0 = -10*t - 12*t - 6336. Let p = 310 + t. Calculate the remainder when 49 is divided by p.
5
Suppose b + 4*b = 10. Suppose 0 = -b*a